10).
-6
Let l(m) = 11*m - 1730. Give l(156).
-14
Let s(f) = -189*f**2 - f. Give s(1).
-190
Let z(t) = t**2 - 21*t - 111. What is z(0)?
-111
Let v(x) = -2271*x - 6653. Determine v(-3).
160
Let r(h) = -112*h - 2691. Give r(-24).
-3
Let v(p) = 129*p + 2310. Calculate v(-17).
117
Let s(h) = -h**2 - 76*h + 18675. Calculate s(-180).
-45
Let j(d) = -5*d**3 + 31*d**2 + 18*d + 44. Give j(7).
-26
Let b(r) = r**3 + 52*r**2 + 415*r - 217. Calculate b(-42).
-7
Let o(x) = x**3 - 3*x + 21. Calculate o(0).
21
Let h(y) = -2*y**2 + 261*y + 790. Give h(-3).
-11
Let c(a) = -2*a**2 - 83*a - 782. What is c(-27)?
1
Let q(u) = -2*u**3 - 8*u**2 - 9*u - 3. What is q(-3)?
6
Let z(f) = -90*f**2 - 48*f + 3. Give z(-1).
-39
Let m(v) = -v**2 + 89*v - 5. Determine m(88).
83
Let b(v) = -1268*v + 2421. Give b(2).
-115
Let t(u) = 6*u**2 + 209*u + 193. Calculate t(-34).
23
Let j(n) = 50*n**2 + 4603*n + 30. Calculate j(-92).
-246
Let c(s) = 2*s**2 + 7*s - 10295. Give c(70).
-5
Let k(t) = -3*t - 265. Calculate k(12).
-301
Let m(d) = -d**3 - 9*d**2 + 41*d + 282. Give m(-7).
-103
Let r(g) = 2*g**2 - 20*g - 38. Calculate r(-2).
10
Let a(q) = -q**2 - 149*q + 1040. What is a(7)?
-52
Let d(m) = 67*m + 381. What is d(-9)?
-222
Let j(n) = -306*n - 5503. What is j(-18)?
5
Let m(o) = o**2 - 43*o + 336. Determine m(32).
-16
Let d(c) = 12*c**2 + 29*c + 9. Calculate d(3).
204
Let y(u) = -26*u - 3299. Give y(-129).
55
Let q(z) = -16*z**2 + 46*z + 126. Calculate q(-3).
-156
Let a(l) = 228*l + 7296. Calculate a(-32).
0
Let w(t) = -96*t + 1332. Give w(17).
-300
Let u(q) = 19*q**2 - 148*q - 195. What is u(9)?
12
Let i(p) = -12*p**2 + 70*p + 4. Determine i(6).
-8
Let g(m) = m**3 - 7*m**2 + 8*m - 26. What is g(6)?
-14
Let h(b) = 101*b - 206. Calculate h(6).
400
Let p(l) = l**3 + 6*l**2 - 3*l + 8. Determine p(-6).
26
Let p(o) = -2*o**3 - 248*o**2 + 445*o - 7428. Calculate p(-126).
6
Let y(a) = 2*a**2 + 243*a + 1577. What is y(-7)?
-26
Let p(b) = -8*b**2 - 85*b + 200. Give p(-13).
-47
Let c(h) = h**3 + 16*h**2 + 6*h - 50. Determine c(-15).
85
Let r(l) = 156*l**2 + 1722*l. Give r(-11).
-66
Let b(q) = -363*q + 6487. What is b(18)?
-47
Let k(g) = -419*g + 3770. Calculate k(9).
-1
Let l(o) = -53*o**3 - 2*o**2 - 10*o + 12. Give l(1).
-53
Let l(c) = 5*c**2 + 5*c - 37. Determine l(-6).
113
Let i(y) = -2*y**3 - 6*y**2 - 6*y - 19. What is i(-4)?
37
Let w(t) = -5*t**3 - 39*t**2 + 9*t + 7. Calculate w(-8).
-1
Let k(i) = -i**3 + 66*i**2 - 411*i - 80. What is k(59)?
38
Let v(q) = 2*q**2 + 25*q - 57. Calculate v(-14).
-15
Let f(s) = -620*s + 75019. What is f(121)?
-1
Let i(d) = d**3 - 50*d**2 - 214*d + 99. What is i(54)?
207
Let s(k) = 8*k + 109. What is s(-7)?
53
Let p(d) = d**3 - 25*d**2 + 155*d - 27. What is p(10)?
23
Let h(i) = 15*i - 195. Determine h(21).
120
Let v(i) = -221*i - 53. What is v(-2)?
389
Let w(a) = 4*a**3 + 9*a**2 - 7*a - 27. What is w(-2)?
-9
Let u(f) = -43*f - 591. Determine u(-16).
97
Let o(w) = 18*w - 168. Give o(21).
210
Let i(n) = 17*n - 59. Determine i(3).
-8
Let l(q) = 359*q + 21177. Give l(-59).
-4
Let n(g) = 80*g**2 + 10*g + 3. Determine n(-2).
303
Let g(r) = r**2 - 80*r + 480. Determine g(74).
36
Let m(f) = -3*f**2 + 10*f + 92. What is m(9)?
-61
Let x(h) = h**3 - 20*h**2 + 60*h + 77. What is x(16)?
13
Let w(q) = 6*q + 505. Determine w(11).
571
Let a(m) = 1349*m + 16231. What is a(-12)?
43
Let o(b) = -b**3 - 4*b**2 + 30*b + 107. Give o(-6).
-1
Let x(m) = 18*m + 1553. What is x(-86)?
5
Let m(h) = -12*h**2 + 14*h + 8. Calculate m(-5).
-362
Let m(a) = a**3 + 186*a**2 - 349*a + 5093. Determine m(-188).
17
Let x(a) = -2*a**3 - 5*a - 12. Calculate x(4).
-160
Let q(h) = -h**3 - 33*h**2 + 2*h + 116. Determine q(-33).
50
Let c(y) = 7*y**2 + 2*y - 13. What is c(3)?
56
Let n(b) = -b**2 + 566*b - 64459. Calculate n(158).
5
Let r(s) = s**3 + 43*s**2 - 183*s - 6110. Calculate r(-44).
6
Let q(y) = -31*y - 395. Give q(-13).
8
Let k(o) = -3*o**2 + 18*o + 69. What is k(-7)?
-204
Let h(i) = -10*i - 10. Determine h(-4).
30
Let c(i) = -8*i**2 + 110*i - 430. Determine c(7).
-52
Let z(d) = 54*d**2 + 1083*d + 62. Calculate z(-20).
2
Let r(u) = -72*u + 77. Give r(1).
5
Let v(o) = -o**3 - 11*o**2 - 1224*o - 16239. Calculate v(-13).
11
Let y(u) = -37*u + 1014. What is y(36)?
-318
Let b(h) = -2*h**2 - 146*h - 1552. Give b(-61).
-88
Let r(j) = 14*j + 398. What is r(-10)?
258
Let x(b) = -4*b**2 + 277*b - 4259. Determine x(46).
19
Let t(y) = 4040*y + 16135. Give t(-4).
-25
Let k(z) = -13449*z - 2. Calculate k(0).
-2
Let i(h) = -h**3 + 30*h**2 - 89*h - 11. Calculate i(27).
-227
Let o(x) = 6*x - 20. What is o(-3)?
-38
Let p(y) = 940*y - 2809. Give p(3).
11
Let t(f) = 81*f**2 - 150*f - 34. What is t(2)?
-10
Let h(o) = 3*o**2 + 850*o + 18214. What is h(-260)?
14
Let q(n) = -n**3 - 12*n**2 - 7*n - 9. Calculate q(-8).
-209
Let l(j) = -j**2 - 78*j - 488. Calculate l(-71).
9
Let i(r) = 3*r**3 + 12*r**2 - 38*r - 15. Determine i(5).
470
Let t(b) = 257*b + 7216. Give t(-28).
20
Let o(m) = 70*m + 1099. Calculate o(-17).
-91
Let u(j) = j**3 - 4*j**2 - 34*j - 27. What is u(9)?
72
Let j(x) = x**3 + 8*x**2 + 180*x + 1006. What is j(-6)?
-2
Let y(b) = -9*b + 695. Give y(66).
101
Let u(a) = 708*a + 7099. Determine u(-10).
19
Let b(y) = -8*y**3 + 3*y**2 + 49*y - 52. Give b(1).
-8
Let p(w) = -2*w**3 + 39*w**2 - 20*w - 15. Give p(19).
-34
Let h(q) = 2*q**2 - 130*q + 291. What is h(62)?
-81
Let r(q) = 143*q + 328. Calculate r(-3).
-101
Let q(v) = -v**3 + 50*v**2 - 430*v + 1. What is q(11)?
-10
Let o(l) = -396*l + 401. Determine o(1).
5
Let j(u) = -87*u - 978. What is j(-11)?
-21
Let v(i) = 54*i + 844. What is v(-15)?
34
Let i(c) = -109*c + 1252. What is i(11)?
53
Let o(j) = -2*j**2 - 929*j + 5653. Give o(6).
7
Let y(l) = -4831*l - 33804. Determine y(-7).
13
Let l(n) = -16*n**3 - 7*n**2 + 14*n + 1. What is l(2)?
-127
Let n(u) = -u**3 + 11*u**2 - 7*u + 1. Give n(7).
148
Let u(o) = 3*o**2 + 20*o - 91. Calculate u(-10).
9
Let x(j) = 3*j + 9. Calculate x(9).
36
Let w(b) = 136*b - 13443. Calculate w(99).
21
Let q(r) = -2*r**2 + 65*r - 153. Give q(30).
-3
Let h(i) = -3*i**3 - 81*i**2 - 11*i - 57. Calculate h(-27).
240
Let q(i) = 3*i**3 + 32*i**2 - 3*i + 20. What is q(-11)?
-68
Let i(d) = -6*d + 82. Calculate i(-4).
106
Let l(g) = g**3 + 10*g**2 - 763*g - 4687. Calculate l(-6).
35
Let v(z) = -538*z + 6451. What is v(12)?
-5
Let u(h) = -h**3 + 12*h**2 - 23*h + 124. Give u(11).
-8
Let m(k) = -8*k**2 - 150*k - 751. Give m(-13).
-153
Let g(i) = 404*i - 1218. Calculate g(3).
-6
Let d(k) = -5519*k - 49669. What is d(-9)?
2
Let p(h) = 2*h**3 + 92*h**2 + 22*h + 1012. Determine p(-46).
0
Let v(u) = -47*u**2 - 114*u + 113. Give v(1).
-48
Let o(c) = -c**3 + 72*c**2 + 64*c + 541. Give o(73).
-116
Let l(w) = -5*w**2 - 246*w - 2129. What is l(-38)?
-1
Let n(r) = 38*r - 990. Determine n(26).
-2
Let c(l) = 20*l**2 - 478*l - 34. Determine c(24).
14
Let o(q) = -143*q - 1771. What is o(-16)?
517
Let f(t) = 10*t**2 + 312*t - 2668. Calculate f(7).
6
Let s(j) = -j**3 - 31*j**2 + 36*j + 136. Determine s(-32).
8
Let q(v) = -813*v - 7318. What is q(-9)?
-1
Let f(c) = -7*c**2 + 26*c + 3. What is f(6)?
-93
Let q(g) = -2684*g - 13433. Give q(-5).
-13
Let d(i) = 36*i - 82. Calculate d(4).
62
Let y(w) = 3*w**3 - 32*w**2 + 44*w + 26. Calculate y(9).
17
Let b(t) = 43*t - 1169. Calculate b(23).
-180
Let w(l) = l**2 + 90*l + 1453. What is w(-21)?
4
Let a(k) = -21*k - 185. Determine a(-12).
67
Let g(l) = l**3 + 12*l**2 - 125*l - 1197. Give g(-15).
3
Let p(d) = -89*d + 33. Determine p(2).
-145
Let g(j) = -198*j**2 + 7*j + 8. Calculate g(-1).
-197
Let f(i) = 3*i**2 - 287*i + 4852. Determine f(22).
-10
Let z(r) = -229*r**2 + 1367*r + 12. Determine z(6).
-30
Let a(w) = w**2 - 52*w - 221. What is a(-4)?
3
Let u(b) = 118*b**2 - 937*b - 6. Calculate u(8).
50
Let i(h) = 11*h**3 + 69*h**2 - h - 118. Determine i(-6).
-4
Let g(n) = -n**3 + 28*n**2 - 10*n + 299. What is g(28)?
19
Let c(z) = 7*z**3 - 974*z**2 + 139*z - 3. Determine c(139).
-3
Let d(x) = 9*x - 15. Determine d(4).
21
Let z(t) = -8*t**3 - 3*t**2 + 2*t + 3. Determine z(2).
-69
Let m(a) = -a**2 + 207*a - 9696. Calculate m(72).
24
Let d(n) = -n**3 + 11*n**2 + 27*n - 173. What is d(12)?
7
Let u(b) = -460*b - 119138. Give u(-259).
2
Let l(j) = -j**3 - j**2 + 24*j - 11. What is l(0)?
-11
Let o(x) = x**3 + 44*x**2 - 50*x - 229. Give